test common divisor of z and s?
7
Let x(z) be the first derivative of -z**3/3 + 5*z**2/2 + 103*z + 95. Let d be x(11). Calculate the highest common factor of d and 1.
1
Suppose -117*s = 177*s - 45*s - 7518306. Calculate the greatest common factor of s and 62.
62
Suppose -204*w - 5*w + 59238 = -238587. Calculate the highest common factor of 150 and w.
75
Let m(n) = 9*n**2 + 194*n - 48. Let i be m(-24). What is the greatest common factor of 224 and i?
32
Let x be (6 - -1) + -1 + 0. Let d be ((-39)/x)/(3/(-6)). Let v = 1525 + -1473. What is the highest common divisor of d and v?
13
Suppose 5*a + 5*a - 714 = 4*a. What is the greatest common factor of 8 and a?
1
Suppose a + 36 = 5*h - 9, -4*h + 42 = -2*a. Suppose -4*g + h*g = 4*i + 12, -5*i = g + 3. What is the highest common factor of 5 and g?
1
Let i = 23270 - 22890. What is the greatest common factor of 1235 and i?
95
Let n be (4305/574)/(6/404). What is the greatest common divisor of n and 404?
101
Suppose -5*t + 26 = 2*k, 32 = 5*t - 2*k + k. Let g be (t + 84)/(6/8). Calculate the highest common divisor of 30 and g.
30
Let k be (-1)/2*((-9)/1 - 8655). Calculate the highest common divisor of k and 12.
12
Suppose -11*k = -14*k + 42. Let t(i) = i**2 + 2*i - 212. Let n be t(k). What is the highest common factor of 8 and n?
4
Let g be (-1)/(2 + -1)*(-80)/5. Let v = -187 - -189. What is the greatest common divisor of v and g?
2
Suppose a + 5*f - 153 = -0*f, -3*f = 3*a - 399. Let d be (-12)/(-10) + 17408/85 + -46. Calculate the greatest common factor of a and d.
32
Let y(k) = 19*k**2 + 79*k + 38. Let w be y(-38). What is the greatest common factor of w and 38?
38
Let q be ((-168)/(-70))/(9 + (-7542)/840). Let o be (9/(-6))/(4/24). Let x be (-146)/o - (-8)/(-36). Calculate the highest common divisor of x and q.
16
Let m(o) = 3 + 4*o + 7*o**2 - 6*o**2 - 2*o - o. Let p be m(-2). Suppose -p*b = -b + 3*s - 197, b = -3*s + 47. Calculate the highest common factor of 75 and b.
25
Suppose 0 = -3*o + 16 + 32. Suppose 1610*z = 1604*z + 768. Calculate the greatest common divisor of z and o.
16
Let n = 2797 - 2747. Let v(t) = -t**2 + t + 3. Let y be v(0). Suppose 4*b = y*h + 100, 5*h = -2*b - 0*b + n. Calculate the highest common factor of b and 225.
25
Let f = -168 + 198. Let r = f + -17. What is the highest common divisor of r and 143?
13
Let o = -47 - -51. Suppose 0*b - b - t + 34 = 0, 5*b - 175 = -o*t. Calculate the highest common factor of 13 and b.
13
Let i(w) = 2*w**3 - 31*w**2 + 96*w + 56. Let p be i(17). Calculate the highest common divisor of p and 219.
73
Suppose -15*h - 30*h + 10800 = 0. What is the greatest common factor of h and 90?
30
Suppose 0 = 11*b + 12 - 67. Suppose b*y = -5*p + 1240, -p + 228 = -0*y + 5*y. What is the highest common factor of p and 23?
23
Let p = 31212 + -31089. What is the greatest common factor of p and 19311?
123
Let v be 3*(-4)/24*-108. Suppose -5*z + 30 = -5*n, -3*n = 8*z - 10*z + 12. What is the highest common factor of v and z?
6
Suppose -12 = 9*g - 5*g. Let j be -7 - 219*g/9. Calculate the greatest common factor of 42 and j.
6
Let h = -497 + 585. Let g = 288 - h. Calculate the highest common factor of g and 120.
40
Suppose 4*k + 3*l - 1271 = 0, -k - 211*l + 329 = -208*l. What is the highest common divisor of k and 3925?
157
Let p be -3 - 4 - 1*-3105 - -10. Calculate the greatest common factor of p and 140.
28
Let l = 771 - 274. Let h = l - -16. What is the highest common factor of h and 27?
27
Let p(h) = h**2 + 10*h + 20. Let o be p(-12). Suppose -2*x = -19*k + 14*k + 1768, 688 = 2*k + 4*x. What is the highest common divisor of o and k?
44
Let s(q) = q**3 - 3*q**2 - 123*q - 21. Let a be s(13). What is the greatest common factor of a and 320?
10
Let b = -29 + 32. Let v be 2 - 2*-1*b/6. Suppose 0 = -3*h - 5*p + 4*p + 84, 5*h = -p + 138. What is the highest common divisor of h and v?
3
Let n = -9254 + 17678. Calculate the greatest common divisor of 26 and n.
26
Let r(n) = 144*n + 517. Let w be r(-3). Calculate the highest common factor of 272 and w.
17
Let j(f) = f**2 + 6*f - 15. Let r be j(-8). Let d = r + 1. Suppose d*m = -6, -4*a + 5*m + 140 + 163 = 0. Calculate the greatest common factor of 8 and a.
8
Let k(y) = -2 - 8 + 9*y**2 + 161*y**3 - 160*y**3. Let o be k(-9). Let n be 141/15 + 4/o. Calculate the greatest common factor of n and 63.
9
Suppose 3*b - 8 = 4*o, -b = -4*b - 4*o - 8. Let j(s) = s**2 - 4*s + 24. Let k be j(b). What is the highest common divisor of k and 32?
8
Let f = -2937 - -2941. Calculate the greatest common divisor of f and 126.
2
Suppose 4*p - 8 = -4*z, 3 = 4*z - 24*p + 29*p. Let n(u) = -2*u**3 + 13*u**2 + 16*u - 15. Let v be n(z). Calculate the greatest common factor of 64 and v.
16
Suppose -27*y + 0*o = -26*y + o - 136, 0 = o + 17. Suppose 2*f + 9 = 3*f. Calculate the greatest common divisor of y and f.
9
Let d(v) = 48*v**3 - 7*v**2 + 8*v - 46. Let q be d(3). What is the greatest common divisor of q and 1384?
173
Suppose w - 2 = 0, 32 = 2*r + 4*w + 26. Let a be (-2)/(40/14 - (r - -4)). What is the greatest common factor of a and 217?
7
Let l be 3 + 4/((-6)/6). Let q be (20 - -14) + (l - -6). Let d be 9/(-2)*(-390)/9. Calculate the highest common factor of d and q.
39
Suppose 0 = 3*u - 32 - 241. Let f(g) = -185*g**3 - g**2 + 5*g + 7. Let y be f(-1). Suppose 0 = -15*s + y + 9. Calculate the highest common factor of u and s.
13
Suppose -3*u + 1501 = 511. Let m = u + -274. Let l be 110/8 + (-1)/(-4). What is the highest common factor of l and m?
14
Let v(d) = -2*d**2 - 62*d + 104. Let h(j) = -j - 2. Let a(p) = 2*h(p) - v(p). Let u be a(-33). Calculate the highest common factor of u and 135.
45
Let h = 11 + -8. Suppose 5*a - 274 = -4*k, -8*k + 324 = -3*k - h*a. Let u be (-21)/2*(4 - (-100)/(-30)) - -13. Calculate the highest common divisor of u and k.
6
Let v = 11 - 6. Let m(k) = -2*k**2 - 16*k - 19. Let w(z) = -11*z**2 - 8*z - 3. Let q be w(-1). Let r be m(q). What is the highest common divisor of v and r?
5
Let q(r) be the third derivative of 0*r + 4/3*r**3 - 1/3*r**4 + 0 + 13*r**2 - 1/60*r**5. Let o be q(-8). Calculate the highest common factor of 12 and o.
4
Suppose 2*u - 4*u + 3*l - 429 = 0, 5*l = -4*u - 803. Let d = 403 + u. Let p = -37 - -65. Calculate the highest common divisor of p and d.
28
Let j = 314 - 312. Suppose -5*i + 3*k = -879, 165 + 198 = j*i - 5*k. Calculate the greatest common factor of 6 and i.
6
Suppose 0 = -5*n + v + 4840, -5*n - 4*v + 6568 - 1703 = 0. What is the highest common factor of 1083 and n?
57
Suppose 0*o - p = -o + 1787, -3571 = -2*o + 3*p. What is the highest common divisor of 2 and o?
2
Let s(u) be the first derivative of u**4/2 - 3*u**3 - 2*u**2 + 14. Let g be s(7). What is the highest common factor of 7 and g?
7
Let d be 5/(-3*(-7)/(-231)). Let c(h) = -89*h**2 + 2*h - 1. Let r be c(1). Let a = d - r. Calculate the greatest common factor of a and 22.
11
Let i = -10 - -11. Let z be 42/(-49)*i*14. Let d be 6/z + (-114)/(-4). What is the greatest common factor of d and 4?
4
Let j be (-17)/(-7) + 36/63. Let h be (-2 - (-9)/j)*7. Suppose 3*y - 2*y - h = g, -36 = -3*y - 2*g. Calculate the highest common factor of y and 70.
10
Let j be ((1744/10)/(4/10))/(171 - 169). What is the greatest common factor of j and 15478?
218
Suppose 3*o = -5*p + 24745, -13487 - 2999 = -2*o + 2*p. What is the highest common divisor of 51 and o?
17
Suppose -f - 85 = -2*n, -n = -83*f + 80*f - 55. What is the highest common divisor of 4800 and n?
40
Suppose -24260 - 26279 = -68*f + 9301. Calculate the highest common divisor of f and 638.
22
Suppose 0 = -q - 17 + 19. Suppose -80 = q*t - 12*t. What is the greatest common divisor of t and 232?
8
Let r = -5045 + 8268. Suppose -6*s = -r + 823. What is the highest common divisor of 64 and s?
16
Let u(l) = l**2 + 4*l - 2. Let y be u(-8). Suppose 2*f - 14 = -9*t + 12*t, -5*t = -f. Suppose -4 - 446 = -f*w. What is the highest common divisor of y and w?
15
Suppose 0 = -53*o + 36*o + 2448. Let c = 3 + -4. Let n be 3/(12/(-64))*c. What is the greatest common divisor of o and n?
16
Let g(n) = -16*n - 14*n - 17*n + 427 - 45 + 37*n. Let z be g(33). What is the highest common divisor of z and 4?
4
Let j(r) = -r - 1. Let k be j(-2). Let a be (64/(-20))/(-4) - 16/20. Suppose 6*h - 12*h + 48 = a. What is the h